{"id":140,"date":"2025-06-04T07:38:50","date_gmt":"2025-06-04T07:38:50","guid":{"rendered":"https:\/\/toujoursdanslespattes.fr\/?page_id=140"},"modified":"2025-06-05T12:17:28","modified_gmt":"2025-06-05T12:17:28","slug":"lillustratrice","status":"publish","type":"page","link":"https:\/\/toujoursdanslespattes.fr\/?page_id=140","title":{"rendered":""},"content":{"rendered":"\n<h1 class=\"wp-block-heading has-text-align-center\">L&rsquo;illustratrice<\/h1>\n\n\n\n<div class=\"wp-block-group alignfull is-style-section-5 is-layout-flow wp-block-group-is-layout-flow is-style-section-5--1\" style=\"min-height:100vh;margin-top:0;margin-bottom:0;padding-top:var(--wp--preset--spacing--50);padding-right:var(--wp--preset--spacing--50);padding-bottom:var(--wp--preset--spacing--50);padding-left:var(--wp--preset--spacing--50)\">\n<div class=\"wp-block-columns alignfull is-layout-flex wp-container-core-columns-is-layout-47c06fe3 wp-block-columns-is-layout-flex\">\n<div class=\"wp-block-column is-layout-flow wp-block-column-is-layout-flow\">\n<div class=\"wp-block-cover aligncenter is-light\" style=\"min-height:100vh;aspect-ratio:unset;\"><img loading=\"lazy\" decoding=\"async\" width=\"1024\" height=\"1024\" class=\"wp-block-cover__image-background wp-image-270 size-large\" alt=\"\" src=\"https:\/\/toujoursdanslespattes.fr\/wp-content\/uploads\/2025\/06\/Design-sans-titre-2-1-1024x1024.jpg\" data-object-fit=\"cover\" srcset=\"https:\/\/toujoursdanslespattes.fr\/wp-content\/uploads\/2025\/06\/Design-sans-titre-2-1-1024x1024.jpg 1024w, https:\/\/toujoursdanslespattes.fr\/wp-content\/uploads\/2025\/06\/Design-sans-titre-2-1-300x300.jpg 300w, https:\/\/toujoursdanslespattes.fr\/wp-content\/uploads\/2025\/06\/Design-sans-titre-2-1-150x150.jpg 150w, https:\/\/toujoursdanslespattes.fr\/wp-content\/uploads\/2025\/06\/Design-sans-titre-2-1-768x768.jpg 768w, https:\/\/toujoursdanslespattes.fr\/wp-content\/uploads\/2025\/06\/Design-sans-titre-2-1.jpg 1500w\" sizes=\"auto, (max-width: 1024px) 100vw, 1024px\" \/><span aria-hidden=\"true\" class=\"wp-block-cover__background has-background-dim-0 has-background-dim\" style=\"background-color:#a89a98\"><\/span><div class=\"wp-block-cover__inner-container is-layout-flow wp-block-cover-is-layout-flow\">\n<div style=\"height:var(--wp--preset--spacing--20)\" aria-hidden=\"true\" class=\"wp-block-spacer\"><\/div>\n<\/div><\/div>\n<\/div>\n\n\n\n<div class=\"wp-block-column is-vertically-aligned-center is-layout-flow wp-block-column-is-layout-flow\">\n<h2 class=\"wp-block-heading\"><strong>S\u00e9verine Pouzadoux<\/strong><\/h2>\n\n\n\n<blockquote class=\"wp-block-quote is-layout-flow wp-block-quote-is-layout-flow\">\n<p>De la passion \u00e0 l\u2019expertise : mon aventure en tant que graphiste &amp; illustratrice.<\/p>\n\n\n\n<p>Depuis 2007, j\u2019illustre vos vies et vos envies, vos \u00e9v\u00e9nements et vous accompagne pour offrir des cadeaux uniques \u00e0 vos proches.<\/p>\n\n\n\n<p>Depuis 2022, je cr\u00e9e des identit\u00e9s visuelles uniques pour les entrepreneurs qui veulent un branding professionnel et impactant. Parce que NON, un logo g\u00e9n\u00e9r\u00e9 \u00e0 la va-vite n\u2019est pas une identit\u00e9!<\/p>\n\n\n\n<p>Apr\u00e8s des ann\u00e9es \u00e0 affiner mon style et ma m\u00e9thodologie, \u00e0 apprendre en autodidacte, j\u2019ai voulu retourner sur les bancs de l\u2019\u00e9cole pour reprendre les bases du graphisme.<br>La communication visuelle n\u2019est pas une affaire de hasard. Du coup, j\u2019aide aujourd\u2019hui ceux qui veulent une image forte, sans tomber dans les pi\u00e8ges des logos \u00ab pas chers \u00bb.<\/p>\n<\/blockquote>\n\n\n\n<ul class=\"wp-block-social-links aligncenter is-layout-flex wp-block-social-links-is-layout-flex\"><li class=\"wp-social-link wp-social-link-instagram  wp-block-social-link\"><a href=\"https:\/\/www.instagram.com\/lapouze.design\/\" class=\"wp-block-social-link-anchor\"><svg width=\"24\" height=\"24\" viewBox=\"0 0 24 24\" version=\"1.1\" xmlns=\"http:\/\/www.w3.org\/2000\/svg\" aria-hidden=\"true\" focusable=\"false\"><path d=\"M12,4.622c2.403,0,2.688,0.009,3.637,0.052c0.877,0.04,1.354,0.187,1.671,0.31c0.42,0.163,0.72,0.358,1.035,0.673 c0.315,0.315,0.51,0.615,0.673,1.035c0.123,0.317,0.27,0.794,0.31,1.671c0.043,0.949,0.052,1.234,0.052,3.637 s-0.009,2.688-0.052,3.637c-0.04,0.877-0.187,1.354-0.31,1.671c-0.163,0.42-0.358,0.72-0.673,1.035 c-0.315,0.315-0.615,0.51-1.035,0.673c-0.317,0.123-0.794,0.27-1.671,0.31c-0.949,0.043-1.233,0.052-3.637,0.052 s-2.688-0.009-3.637-0.052c-0.877-0.04-1.354-0.187-1.671-0.31c-0.42-0.163-0.72-0.358-1.035-0.673 c-0.315-0.315-0.51-0.615-0.673-1.035c-0.123-0.317-0.27-0.794-0.31-1.671C4.631,14.688,4.622,14.403,4.622,12 s0.009-2.688,0.052-3.637c0.04-0.877,0.187-1.354,0.31-1.671c0.163-0.42,0.358-0.72,0.673-1.035 c0.315-0.315,0.615-0.51,1.035-0.673c0.317-0.123,0.794-0.27,1.671-0.31C9.312,4.631,9.597,4.622,12,4.622 M12,3 C9.556,3,9.249,3.01,8.289,3.054C7.331,3.098,6.677,3.25,6.105,3.472C5.513,3.702,5.011,4.01,4.511,4.511 c-0.5,0.5-0.808,1.002-1.038,1.594C3.25,6.677,3.098,7.331,3.054,8.289C3.01,9.249,3,9.556,3,12c0,2.444,0.01,2.751,0.054,3.711 c0.044,0.958,0.196,1.612,0.418,2.185c0.23,0.592,0.538,1.094,1.038,1.594c0.5,0.5,1.002,0.808,1.594,1.038 c0.572,0.222,1.227,0.375,2.185,0.418C9.249,20.99,9.556,21,12,21s2.751-0.01,3.711-0.054c0.958-0.044,1.612-0.196,2.185-0.418 c0.592-0.23,1.094-0.538,1.594-1.038c0.5-0.5,0.808-1.002,1.038-1.594c0.222-0.572,0.375-1.227,0.418-2.185 C20.99,14.751,21,14.444,21,12s-0.01-2.751-0.054-3.711c-0.044-0.958-0.196-1.612-0.418-2.185c-0.23-0.592-0.538-1.094-1.038-1.594 c-0.5-0.5-1.002-0.808-1.594-1.038c-0.572-0.222-1.227-0.375-2.185-0.418C14.751,3.01,14.444,3,12,3L12,3z M12,7.378 c-2.552,0-4.622,2.069-4.622,4.622S9.448,16.622,12,16.622s4.622-2.069,4.622-4.622S14.552,7.378,12,7.378z M12,15 c-1.657,0-3-1.343-3-3s1.343-3,3-3s3,1.343,3,3S13.657,15,12,15z M16.804,6.116c-0.596,0-1.08,0.484-1.08,1.08 s0.484,1.08,1.08,1.08c0.596,0,1.08-0.484,1.08-1.08S17.401,6.116,16.804,6.116z\"><\/path><\/svg><span class=\"wp-block-social-link-label screen-reader-text\">Instagram<\/span><\/a><\/li><\/ul>\n<\/div>\n<\/div>\n<\/div>\n","protected":false},"excerpt":{"rendered":"<p>L&rsquo;illustratrice S\u00e9verine Pouzadoux De la passion \u00e0 l\u2019expertise : mon aventure en tant que graphiste &amp; illustratrice. Depuis 2007, j\u2019illustre vos vies et vos envies, vos \u00e9v\u00e9nements et vous accompagne pour offrir des cadeaux uniques \u00e0 vos proches. Depuis 2022, je cr\u00e9e des identit\u00e9s visuelles uniques pour les entrepreneurs qui veulent un branding professionnel et [&hellip;]<\/p>\n","protected":false},"author":1,"featured_media":0,"parent":0,"menu_order":0,"comment_status":"closed","ping_status":"closed","template":"","meta":{"footnotes":""},"class_list":["post-140","page","type-page","status-publish","hentry"],"_links":{"self":[{"href":"https:\/\/toujoursdanslespattes.fr\/index.php?rest_route=\/wp\/v2\/pages\/140","targetHints":{"allow":["GET"]}}],"collection":[{"href":"https:\/\/toujoursdanslespattes.fr\/index.php?rest_route=\/wp\/v2\/pages"}],"about":[{"href":"https:\/\/toujoursdanslespattes.fr\/index.php?rest_route=\/wp\/v2\/types\/page"}],"author":[{"embeddable":true,"href":"https:\/\/toujoursdanslespattes.fr\/index.php?rest_route=\/wp\/v2\/users\/1"}],"replies":[{"embeddable":true,"href":"https:\/\/toujoursdanslespattes.fr\/index.php?rest_route=%2Fwp%2Fv2%2Fcomments&post=140"}],"version-history":[{"count":6,"href":"https:\/\/toujoursdanslespattes.fr\/index.php?rest_route=\/wp\/v2\/pages\/140\/revisions"}],"predecessor-version":[{"id":401,"href":"https:\/\/toujoursdanslespattes.fr\/index.php?rest_route=\/wp\/v2\/pages\/140\/revisions\/401"}],"wp:attachment":[{"href":"https:\/\/toujoursdanslespattes.fr\/index.php?rest_route=%2Fwp%2Fv2%2Fmedia&parent=140"}],"curies":[{"name":"wp","href":"https:\/\/api.w.org\/{rel}","templated":true}]}}